{"id":21,"date":"2026-07-14T15:21:06","date_gmt":"2026-07-14T15:21:06","guid":{"rendered":"http:\/\/serwer425598.lh.pl\/autoinstalator\/serwer425598.lh.pl\/wordpress159415\/wp-content\/uploads\/2026\/06\/aleksandra-peterman-szlaga.jpg"},"modified":"2026-08-19T13:05:18","modified_gmt":"2026-08-19T13:05:18","slug":"aleksandra-peterman-szlaga","status":"publish","type":"soft_team_member","link":"https:\/\/centrumkumu.pl\/index.php\/zespol\/aleksandra-peterman-szlaga\/","title":{"rendered":"Aleksandra Peterman-Szlaga"},"content":{"rendered":"<p>Jestem psychoterapeutk\u0105 Gestalt w trakcie certyfikacji i w\u0142a\u015bcicielk\u0105 Centrum Rozwoju Communitas. Od lat rozwijam si\u0119 i pracuj\u0119 jako osoba wspieraj\u0105ca ludzi w poszerzaniu \u015bwiadomo\u015bci.<\/p>\n<p>Mam do\u015bwiadczenie w prowadzeniu program\u00f3w rozwojowych dla kobiet, wiosek wsparcia dla rodzic\u00f3w ma\u0142ych dzieci oraz warsztat\u00f3w dla par inspirowanych Porozumieniem Bez Przemocy.<\/p>\n<p>W terapii indywidualnej towarzysz\u0119 osobom, kt\u00f3re do\u015bwiadczaj\u0105 trudno\u015bci w relacjach, chc\u0105 rozwin\u0105\u0107 trosk\u0119 i mi\u0142o\u015b\u0107 do siebie, potrzebuj\u0105 wsparcia w kryzysie albo poszukuj\u0105 wi\u0119kszego poczucia sensu i wewn\u0119trznej sp\u00f3jno\u015bci.<\/p>\n<p>Pracuj\u0119 r\u00f3wnie\u017c z parami i rodzinami, \u0142\u0105cz\u0105c perspektyw\u0119 Gestalt z podej\u015bciem systemowym.<\/p>\n","protected":false},"excerpt":{"rendered":"<p>Towarzysz\u0119 osobom doros\u0142ym, parom i rodzinom w poszerzaniu \u015bwiadomo\u015bci, przechodzeniu przez kryzysy oraz budowaniu zdrowszego kontaktu ze sob\u0105 i z innymi.<\/p>\n","protected":false},"featured_media":56,"menu_order":2,"template":"","class_list":["post-21","soft_team_member","type-soft_team_member","status-publish","has-post-thumbnail","hentry"],"_links":{"self":[{"href":"https:\/\/centrumkumu.pl\/index.php\/wp-json\/wp\/v2\/soft_team_member\/21","targetHints":{"allow":["GET"]}}],"collection":[{"href":"https:\/\/centrumkumu.pl\/index.php\/wp-json\/wp\/v2\/soft_team_member"}],"about":[{"href":"https:\/\/centrumkumu.pl\/index.php\/wp-json\/wp\/v2\/types\/soft_team_member"}],"version-history":[{"count":1,"href":"https:\/\/centrumkumu.pl\/index.php\/wp-json\/wp\/v2\/soft_team_member\/21\/revisions"}],"predecessor-version":[{"id":49,"href":"https:\/\/centrumkumu.pl\/index.php\/wp-json\/wp\/v2\/soft_team_member\/21\/revisions\/49"}],"wp:featuredmedia":[{"embeddable":true,"href":"https:\/\/centrumkumu.pl\/index.php\/wp-json\/wp\/v2\/media\/56"}],"wp:attachment":[{"href":"https:\/\/centrumkumu.pl\/index.php\/wp-json\/wp\/v2\/media?parent=21"}],"curies":[{"name":"wp","href":"https:\/\/api.w.org\/{rel}","templated":true}]}}

<p>Jestem psychoterapeutką Gestalt w trakcie certyfikacji i właścicielką Centrum Rozwoju Communitas. Od lat rozwijam się i pracuję jako osoba wspierająca ludzi w poszerzaniu świadomości.</p>
<p>Mam doświadczenie w prowadzeniu programów rozwojowych dla kobiet, wiosek wsparcia dla rodziców małych dzieci oraz warsztatów dla par inspirowanych Porozumieniem Bez Przemocy.</p>
<p>W terapii indywidualnej towarzyszę osobom, które doświadczają trudności w relacjach, chcą rozwinąć troskę i miłość do siebie, potrzebują wsparcia w kryzysie albo poszukują większego poczucia sensu i wewnętrznej spójności.</p>
<p>Pracuję również z parami i rodzinami, łącząc perspektywę Gestalt z podejściem systemowym.</p>

<p>Towarzyszę osobom dorosłym, parom i rodzinom w poszerzaniu świadomości, przechodzeniu przez kryzysy oraz budowaniu zdrowszego kontaktu ze sobą i z innymi.</p>
