{"id":51,"date":"2026-07-14T15:21:06","date_gmt":"2026-07-14T15:21:06","guid":{"rendered":"https:\/\/centrumkumu.pl\/index.php\/zespol\/magda-prasol\/"},"modified":"2026-07-30T13:49:09","modified_gmt":"2026-07-30T13:49:09","slug":"magda-prasol","status":"publish","type":"soft_team_member","link":"https:\/\/centrumkumu.pl\/index.php\/zespol\/magda-prasol\/","title":{"rendered":"Magda Praso\u0142"},"content":{"rendered":"<p>Jestem psycholo\u017ck\u0105 z interdyscyplinarnym do\u015bwiadczeniem, psychoterapeutk\u0105 w trakcie trzeciego roku czteroletniego szkolenia w nurcie poznawczo-behawioralnym w Szkole Psychoterapii CBT-EDU w Warszawie, nauczycielk\u0105 akademick\u0105 oraz edukatork\u0105 z przygotowaniem pedagogicznym.<\/p>\n<p>Uko\u0144czy\u0142am psychologi\u0119 na Uniwersytecie \u0141\u00f3dzkim. Studiowa\u0142am r\u00f3wnie\u017c histori\u0119, filologi\u0119 roma\u0144sk\u0105 z j\u0119zykiem angielskim oraz odby\u0142am studia doktoranckie w Katedrze Historii Medycyny i Farmacji Uniwersytetu Medycznego w \u0141odzi.<\/p>\n<p>Obecnie koncentruj\u0119 si\u0119 na psychoterapii, \u0142\u0105cz\u0105c wiedz\u0119 akademick\u0105 z zakresu psychologii i humanistyki z wieloletni\u0105 praktyk\u0105 pracy z lud\u017ami \u2014 indywidualnie, rodzinnie i grupowo. Do\u015bwiadczenie zdobywa\u0142am mi\u0119dzy innymi w poradnictwie psychologicznym, psychoedukacji, pracy z rodzinami, osobami do\u015bwiadczaj\u0105cymi przemocy oraz osobami uzale\u017cnionymi i ich bliskimi.<\/p>\n<p>Jako nauczycielka akademicka prowadz\u0119 zaj\u0119cia z psychologii mi\u0119dzykulturowej. Psychoterapi\u0119 prowadz\u0119 w j\u0119zyku polskim, angielskim i francuskim.<\/p>\n","protected":false},"excerpt":{"rendered":"<p>Pracuj\u0119 psychoterapeutycznie z osobami doros\u0142ymi i rodzinami. \u0141\u0105cz\u0119 wiedz\u0119 psychologiczn\u0105 i humanistyczn\u0105 z interdyscyplinarnym do\u015bwiadczeniem oraz praktyk\u0105 pracy z lud\u017ami.<\/p>\n","protected":false},"featured_media":64,"menu_order":4,"template":"","class_list":["post-51","soft_team_member","type-soft_team_member","status-publish","has-post-thumbnail","hentry"],"_links":{"self":[{"href":"https:\/\/centrumkumu.pl\/index.php\/wp-json\/wp\/v2\/soft_team_member\/51","targetHints":{"allow":["GET"]}}],"collection":[{"href":"https:\/\/centrumkumu.pl\/index.php\/wp-json\/wp\/v2\/soft_team_member"}],"about":[{"href":"https:\/\/centrumkumu.pl\/index.php\/wp-json\/wp\/v2\/types\/soft_team_member"}],"version-history":[{"count":1,"href":"https:\/\/centrumkumu.pl\/index.php\/wp-json\/wp\/v2\/soft_team_member\/51\/revisions"}],"predecessor-version":[{"id":65,"href":"https:\/\/centrumkumu.pl\/index.php\/wp-json\/wp\/v2\/soft_team_member\/51\/revisions\/65"}],"wp:featuredmedia":[{"embeddable":true,"href":"https:\/\/centrumkumu.pl\/index.php\/wp-json\/wp\/v2\/media\/64"}],"wp:attachment":[{"href":"https:\/\/centrumkumu.pl\/index.php\/wp-json\/wp\/v2\/media?parent=51"}],"curies":[{"name":"wp","href":"https:\/\/api.w.org\/{rel}","templated":true}]}}

Magda Prasoł

<p>Jestem psycholożką z interdyscyplinarnym doświadczeniem, psychoterapeutką w trakcie trzeciego roku czteroletniego szkolenia w nurcie poznawczo-behawioralnym w Szkole Psychoterapii CBT-EDU w Warszawie, nauczycielką akademicką oraz edukatorką z przygotowaniem pedagogicznym.</p>
<p>Ukończyłam psychologię na Uniwersytecie Łódzkim. Studiowałam również historię, filologię romańską z językiem angielskim oraz odbyłam studia doktoranckie w Katedrze Historii Medycyny i Farmacji Uniwersytetu Medycznego w Łodzi.</p>
<p>Obecnie koncentruję się na psychoterapii, łącząc wiedzę akademicką z zakresu psychologii i humanistyki z wieloletnią praktyką pracy z ludźmi — indywidualnie, rodzinnie i grupowo. Doświadczenie zdobywałam między innymi w poradnictwie psychologicznym, psychoedukacji, pracy z rodzinami, osobami doświadczającymi przemocy oraz osobami uzależnionymi i ich bliskimi.</p>
<p>Jako nauczycielka akademicka prowadzę zajęcia z psychologii międzykulturowej. Psychoterapię prowadzę w języku polskim, angielskim i francuskim.</p>

<p>Pracuję psychoterapeutycznie z osobami dorosłymi i rodzinami. Łączę wiedzę psychologiczną i humanistyczną z interdyscyplinarnym doświadczeniem oraz praktyką pracy z ludźmi.</p>
